= j - 6*q - 31, -j - 4*q + 25 = 0. What is the remainder when j is divided by 10?
9
What is the remainder when 25 is divided by ((3 - 19) + 0)*-1?
9
Let s be (-22)/(-4) + 6/(-12). Suppose 2*k + 3*k - 30 = 0. Suppose k - 41 = -s*d. What is the remainder when 20 is divided by d?
6
Let r = 22 - 12. What is the remainder when 49 is divided by r?
9
Let u(w) = -w**3 - 10*w**2 - 10*w + 9. What is the remainder when u(-9) is divided by 7?
4
Let k(z) = z**3 - 7*z**2 + z - 4. Let u be k(7). Suppose 4*n = -8, -5*r - 2*n + u = -38. What is the remainder when r is divided by 6?
3
Let w = -9 + 26. What is the remainder when 30 is divided by w?
13
Let y = -17 + 20. Suppose 2*w = 2*p - 75 - 29, y*p = w + 166. What is the remainder when p is divided by 20?
17
Let h(j) = -j - 7. Let z be h(-11). Let k = 6 - z. Suppose 5*g = 10 - 0. Calculate the remainder when k is divided by g.
0
Suppose -4*t + 2 + 2 = 0. Let v(g) = 3*g**3 - 2*g**3 - 7*g - 8*g**2 - 6 + 15*g. What is the remainder when t is divided by v(7)?
0
Suppose 0 = 4*s - 695 + 83. What is the remainder when ((-3)/9)/((-3)/s) is divided by 6?
5
Let s = 2 + 2. Suppose -2*r + 0*r + s*u = -40, 0 = -5*r + 3*u + 72. What is the remainder when (-2 - -1)/(2/(-68)) is divided by r?
10
Let q(p) = 7*p - 2. Suppose 4*h - 2*m + 116 = 0, 0 = h - 5*m - 3 + 23. Let y = h + 53. What is the remainder when y is divided by q(2)?
11
Let n(b) = 5*b**3 - 9*b**2 + 9*b + 1. Let k(r) = -11*r**3 + 17*r**2 - 18*r - 1. Let z(u) = -4*k(u) - 9*n(u). What is the remainder when z(12) is divided by 11?
9
What is the remainder when ((-174)/(-10))/((-2)/(-10)) is divided by 30?
27
Suppose 4*y = 3*y + 5. Let v(s) = 34*s - 3. Let m be v(2). Suppose -3*z - 2*z = -m. What is the remainder when z is divided by y?
3
Let n(z) = z - 3. Let b(g) = g - 5. Let s(l) = 4*b(l) - 7*n(l). Calculate the remainder when 38 is divided by s(-4).
12
Let j(f) = 6*f + 6. Let a(m) = -m - 1. Let g(c) = 11*a(c) + 2*j(c). Calculate the remainder when 21 is divided by g(7).
5
Suppose 0 = -2*p + 15 + 25. Let i = 130 - 93. What is the remainder when i is divided by p?
17
Let z = 18 - 8. Suppose -3*f + z = -5*u, 4*u = 2*f + 3*f - 34. What is the remainder when 1 - 3 - (-20 + 0/(-3)) is divided by f?
8
Let l be 9/15*(1 - -14). Let p = l + 13. Suppose p = -4*t + 6*t. Calculate the remainder when t is divided by 4.
3
Let b = 5 + 9. What is the remainder when b*4 - (-1 - 2) is divided by 15?
14
Suppose 0 = -q - s - s + 43, s + 2 = 0. Suppose -q - 39 = -2*p. What is the remainder when p is divided by 15?
13
Let l = 9 - 3. What is the remainder when 27 is divided by l?
3
Suppose -2*w - 158 = -3*u + 141, 3*u + 4*w - 275 = 0. What is the remainder when u is divided by 25?
22
Let p(i) be the third derivative of 0 - 1/120*i**6 + 0*i**4 + 3/2*i**3 + 3*i**2 + 0*i - 1/60*i**5. Calculate the remainder when 25 is divided by p(0).
7
Calculate the remainder when 69 is divided by (-220)/(-12) + 2/3.
12
Suppose -4*l - 52 = 3*u - 2, -2*l = 3*u + 28. Let o = 16 + l. Suppose 124 = -g + o*g + 4*z, 0 = 2*g - z - 59. Calculate the remainder when g is divided by 16.
14
Suppose 7*n + 322 = 14*n. What is the remainder when n is divided by 17?
12
Let v = 105 - 68. Calculate the remainder when v is divided by 13.
11
Let p(s) = s - 20. Let z be p(13). Let c = z - -18. What is the remainder when 20 is divided by c?
9
Suppose 3*t + 6*z = 2*z + 155, 5*t = 2*z + 241. Let k = t - 35. Suppose -2*g + 43 + 45 = -2*h, 94 = 2*g - 4*h. Calculate the remainder when g is divided by k.
13
Let b(y) = y + 2*y**2 + 0*y - y**2 - 4. What is the remainder when b(-4) is divided by ((-6)/4)/((-1)/2)?
2
Suppose -y + 215 = 4*y. What is the remainder when 128 is divided by y?
42
Let n(a) = -54*a**3 - a**2 - 4*a - 2. What is the remainder when n(-1) is divided by 8?
7
Let o(j) = 13*j - 55. What is the remainder when 80 is divided by o(7)?
8
Let a be 1*(38 + -1)/(-1). What is the remainder when 1 - (a + (1 - -2)) is divided by 12?
11
Suppose 0 = -0*j + j - 28. Let r(q) = -q + 11. Let v be r(9). Suppose 5*x + 0*b - 62 = -3*b, v*x - 5*b = 0. What is the remainder when j is divided by x?
8
Let l be (-2)/(-6) - (-1438)/6. Suppose -3*x - 5*j = -173, -2*x = 2*x + 2*j - l. What is the remainder when x is divided by 1*3/(-9)*(-72 - -9)?
19
Let j(k) = -k**3 - k**2 + k + 11. Let a = 15 + -9. What is the remainder when j(0) is divided by a?
5
Let x be 156*(14/(-4) - -3). What is the remainder when 3/9 + x/(-9) is divided by 4?
1
Suppose -11 = -t + 6. Suppose 30*j = 22*j + 248. Calculate the remainder when j is divided by t.
14
Let o(g) = 12*g - 3 + 2 - 11*g + 7*g**2. Calculate the remainder when 19 is divided by o(1).
5
Let t(v) = -v + 27. Let h be t(0). Let a = h - 8. Calculate the remainder when 37 is divided by a.
18
What is the remainder when ((-208)/(-24))/((-7)/9 - -1) is divided by 41/2 - (-2)/4?
18
Let x = -8 - -8. Suppose -5*v + w = -w - 15, x = 3*w. Suppose -v*g + 21 = -2*g. Calculate the remainder when 61 is divided by g.
19
Suppose 0*b = 4*b + k - 32, -3*k = 4*b - 32. What is the remainder when 15 is divided by b?
7
Suppose 0 = -4*z - 3 - 17. Let j(q) = q**2 + q + 3. Calculate the remainder when 45 is divided by j(z).
22
Let g = -63 - -69. What is the remainder when 46 is divided by g?
4
What is the remainder when 1168/24 + (-4)/6 is divided by 17?
14
Let k(c) = c**3 - 5*c**2 - 6*c + 6. What is the remainder when k(6) is divided by 5?
1
Let s be (32/24)/((-4)/(-6)). What is the remainder when 3 + s - (0 + 2) is divided by 2?
1
Suppose 3*a = 2*o - 10 + 47, -3*o - 39 = -3*a. What is the remainder when 63 is divided by a?
8
What is the remainder when 11 is divided by -2*(-3)/(-18)*-9?
2
Let q(d) = 2*d**2 - 6. Calculate the remainder when 21 is divided by q(3).
9
Let h = 3 + -6. What is the remainder when 23 is divided by (h/(-6))/(3/72)?
11
Let v = 14 + -1. What is the remainder when 24 is divided by v?
11
Let z(t) = -8*t**3 + 2*t**2 - 1. Suppose k + 37 = 2*x - 15, -3*x - 4*k = -67. Calculate the remainder when x is divided by z(-1).
7
Suppose r + 2*r = 4*u + 533, 0 = -4*r + 4*u + 716. What is the remainder when r is divided by 23?
22
Let r = -115 - -140. What is the remainder when 91 is divided by r?
16
Suppose 3*h - 172 = -h. Calculate the remainder when h is divided by 15.
13
Let s = -44 + 66. What is the remainder when s is divided by 12?
10
Let z be (-2)/(-4)*10*17. Let k be ((-32)/(-5))/4*z. Suppose 0 = 4*a - k + 40. What is the remainder when a is divided by 13?
11
Let y = 7 + -19. Let v = y + 20. Calculate the remainder when v is divided by 3.
2
Let h be (0 - -3)*(-1)/(-3). Suppose -3*v = -7 + h. Suppose 56 = 4*i - v*i. Calculate the remainder when i is divided by 10.
8
Let t = 13 + -1. Suppose -a - 1 - 4 = -p, -5*p + 16 = 4*a. Suppose -3*l = -p*l + t. Calculate the remainder when 22 is divided by l.
10
Suppose -4*t = -699 - 585. Let l be 2/(-12) - t/18. Let x = l + 25. Calculate the remainder when 12 is divided by x.
5
Let w be 0/(-4) + (1 - 0). Let q(v) = 8*v - 1. Calculate the remainder when q(w) is divided by (-24)/(-6) + (-2 - -1).
1
Suppose 2*o + r = 4, 2*o + r - 16 = 3*r. Let p(h) = h**3 - 2*h**2 - h - 5. Calculate the remainder when p(o) is divided by 12*(2 + (1 - 2)).
11
Suppose -27 - 55 = -2*j. Calculate the remainder when j is divided by 14.
13
Suppose 209 = 6*b + 13*b. Suppose -3*k + 38 = 2*l, 2*k + 2*k = 0. What is the remainder when l is divided by b?
8
What is the remainder when 51 is divided by (119/(-51))/((-2 + 1)/6)?
9
Let c = -3 - -6. Suppose -5*h = -2*x - 1 + c, -5*x + 3*h = -5. Calculate the remainder when -1*(-3 + 1 + 1) is divided by x.
0
Suppose 11*h - 90 = 10*h. Calculate the remainder when h is divided by 24.
18
Let y = -19 + 11. What is the remainder when 30 is divided by (-86)/y - 5/(-20)?
8
Suppose -3*w + 9 = 3*m, -7*m + 4*w + 9 = -4*m. What is the remainder when 11 is divided by m?
2
Let y(t) = 4*t - 30. Let i = -1 + 14. What is the remainder when y(20) is divided by i?
11
Suppose 4*z + 5*i = 43, -34 = -z - 3*z - 2*i. Calculate the remainder when 18 is divided by z.
4
Suppose -3*v = h - 242, -93 = -2*v - 3*h + 73. What is the remainder when v is divided by 17?
12
What is the remainder when ((-22)/(-8))/((-1)/(-4)) is divided by 2?
1
What is the remainder when 270 is divided by (-1)/(-8) 